[INFO] cloning repository https://github.com/KaiseiYokoyama/try_amethyst
[INFO] running `Command { std: "git" "-c" "credential.helper=" "-c" "credential.helper=/workspace/cargo-home/bin/git-credential-null" "clone" "--bare" "https://github.com/KaiseiYokoyama/try_amethyst" "/workspace/cache/git-repos/https%3A%2F%2Fgithub.com%2FKaiseiYokoyama%2Ftry_amethyst", kill_on_drop: false }`
[INFO] [stderr] Cloning into bare repository '/workspace/cache/git-repos/https%3A%2F%2Fgithub.com%2FKaiseiYokoyama%2Ftry_amethyst'...
[INFO] running `Command { std: "git" "rev-parse" "HEAD", kill_on_drop: false }`
[INFO] [stdout] f83748b1f000e2ba56010ef4de3d1d8a02783c64
[INFO] checking KaiseiYokoyama/try_amethyst against master#9610dfe5a9a731ced1ea4923ecbd0c57fe367898 for beta-170-4
[INFO] running `Command { std: "git" "clone" "/workspace/cache/git-repos/https%3A%2F%2Fgithub.com%2FKaiseiYokoyama%2Ftry_amethyst" "/workspace/builds/worker-6-tc1/source", kill_on_drop: false }`
[INFO] [stderr] Cloning into '/workspace/builds/worker-6-tc1/source'...
[INFO] [stderr] done.
[INFO] validating manifest of git repo https://github.com/KaiseiYokoyama/try_amethyst on toolchain 9610dfe5a9a731ced1ea4923ecbd0c57fe367898
[INFO] running `Command { std: CARGO_HOME="/workspace/cargo-home" RUSTUP_HOME="/workspace/rustup-home" "/workspace/cargo-home/bin/cargo" "+9610dfe5a9a731ced1ea4923ecbd0c57fe367898" "metadata" "--manifest-path" "Cargo.toml" "--no-deps", kill_on_drop: false }`
[INFO] started tweaking git repo https://github.com/KaiseiYokoyama/try_amethyst
[INFO] finished tweaking git repo https://github.com/KaiseiYokoyama/try_amethyst
[INFO] tweaked toml for git repo https://github.com/KaiseiYokoyama/try_amethyst written to /workspace/builds/worker-6-tc1/source/Cargo.toml
[INFO] crate git repo https://github.com/KaiseiYokoyama/try_amethyst already has a lockfile, it will not be regenerated
[INFO] running `Command { std: CARGO_HOME="/workspace/cargo-home" RUSTUP_HOME="/workspace/rustup-home" "/workspace/cargo-home/bin/cargo" "+9610dfe5a9a731ced1ea4923ecbd0c57fe367898" "fetch" "--manifest-path" "Cargo.toml", kill_on_drop: false }`
[INFO] [stderr]     Updating crates.io index
[INFO] [stderr]  Downloading crates ...
[INFO] [stderr]   Downloaded minimp3 v0.3.3
[INFO] [stderr]   Downloaded const-random v0.1.6
[INFO] [stderr]   Downloaded palette_derive v0.4.1
[INFO] [stderr]   Downloaded winit v0.19.2
[INFO] [stderr]   Downloaded ogg v0.7.0
[INFO] [stderr]   Downloaded euclid v0.19.9
[INFO] [stderr]   Downloaded shred v0.7.2
[INFO] [stderr]   Downloaded wayland-scanner v0.21.13
[INFO] [stderr]   Downloaded wayland-sys v0.21.13
[INFO] [stderr]   Downloaded minterpolate v0.4.0
[INFO] [stderr]   Downloaded amethyst_network v0.6.0
[INFO] [stderr]   Downloaded bitintr v0.3.0
[INFO] [stderr]   Downloaded claxon v0.4.2
[INFO] [stderr]   Downloaded dwrote v0.5.1
[INFO] [stderr]   Downloaded rental-impl v0.5.4
[INFO] [stderr]   Downloaded wasm-bindgen-backend v0.2.48
[INFO] [stderr]   Downloaded fluent-syntax v0.9.0
[INFO] [stderr]   Downloaded amethyst_config v0.12.0
[INFO] [stderr]   Downloaded amethyst_audio v0.8.0
[INFO] [stderr]   Downloaded freetype v0.4.1
[INFO] [stderr]   Downloaded euclid_macros v0.1.0
[INFO] [stderr]   Downloaded stackvector v1.0.6
[INFO] [stderr]   Downloaded glyph_brush_layout v0.1.6
[INFO] [stderr]   Downloaded rental v0.5.4
[INFO] [stderr]   Downloaded lyon_path v0.12.0
[INFO] [stderr]   Downloaded rendy-frame v0.3.0
[INFO] [stderr]   Downloaded amethyst_animation v0.8.0
[INFO] [stderr]   Downloaded hashbrown v0.6.0
[INFO] [stderr]   Downloaded rendy v0.3.2
[INFO] [stderr]   Downloaded amethyst_window v0.3.0
[INFO] [stderr]   Downloaded amethyst_rendy v0.3.0
[INFO] [stderr]   Downloaded ctor v0.1.9
[INFO] [stderr]   Downloaded twox-hash v1.4.2
[INFO] [stderr]   Downloaded paste-impl v0.1.5
[INFO] [stderr]   Downloaded glsl-layout-derive v0.3.0
[INFO] [stderr]   Downloaded spirv_cross v0.15.0
[INFO] [stderr]   Downloaded serde_bytes v0.11.1
[INFO] [stderr]   Downloaded fern v0.5.8
[INFO] [stderr]   Downloaded image v0.21.2
[INFO] [stderr]   Downloaded font-kit v0.1.0
[INFO] [stderr]   Downloaded rendy-descriptor v0.3.0
[INFO] [stderr]   Downloaded paste v0.1.5
[INFO] [stderr]   Downloaded servo-fontconfig-sys v4.0.7
[INFO] [stderr]   Downloaded fluent-locale v0.7.0
[INFO] [stderr]   Downloaded unic-langid-macros-impl v0.3.0
[INFO] [stderr]   Downloaded amethyst_derive v0.6.0
[INFO] [stderr]   Downloaded fluent v0.7.1
[INFO] [stderr]   Downloaded unic-langid v0.4.2
[INFO] [stderr]   Downloaded servo-freetype-sys v4.0.5
[INFO] [stderr]   Downloaded amethyst_assets v0.9.0
[INFO] [stderr]   Downloaded intl_pluralrules v2.0.0
[INFO] [stderr]   Downloaded fluent-bundle v0.7.1
[INFO] [stderr]   Downloaded amethyst_locale v0.7.0
[INFO] [stderr]   Downloaded gfx-backend-metal v0.2.3
[INFO] [stderr]   Downloaded rendy-mesh v0.3.1
[INFO] [stderr]   Downloaded rendy-factory v0.3.1
[INFO] [stderr]   Downloaded shred v0.9.3
[INFO] [stderr]   Downloaded shred-derive v0.6.1
[INFO] [stderr]   Downloaded amethyst_tiles v0.1.0
[INFO] [stderr]   Downloaded rendy-graph v0.3.2
[INFO] [stderr]   Downloaded servo-fontconfig v0.4.0
[INFO] [stderr]   Downloaded lexical v2.2.2
[INFO] [stderr]   Downloaded glyph_brush v0.5.3
[INFO] [stderr]   Downloaded amethyst_controls v0.7.0
[INFO] [stderr]   Downloaded err-derive v0.1.5
[INFO] [stderr]   Downloaded gfx-backend-vulkan v0.2.3
[INFO] [stderr]   Downloaded ron v0.5.1
[INFO] [stderr]   Downloaded getset v0.0.7
[INFO] [stderr]   Downloaded getrandom v0.1.7
[INFO] [stderr]   Downloaded proc-macro-hack v0.5.8
[INFO] [stderr]   Downloaded palette v0.4.1
[INFO] [stderr]   Downloaded parking_lot_core v0.5.0
[INFO] [stderr]   Downloaded wayland-protocols v0.21.13
[INFO] [stderr]   Downloaded lyon_geom v0.12.7
[INFO] [stderr]   Downloaded smithay-client-toolkit v0.4.6
[INFO] [stderr]   Downloaded rendy-resource v0.3.0
[INFO] [stderr]   Downloaded gfx-backend-empty v0.2.1
[INFO] [stderr]   Downloaded metal v0.15.0
[INFO] [stderr]   Downloaded percent-encoding v2.0.0
[INFO] [stderr]   Downloaded relevant v0.4.2
[INFO] [stderr]   Downloaded wasm-bindgen-shared v0.2.48
[INFO] [stderr]   Downloaded gfx-hal v0.2.1
[INFO] [stderr]   Downloaded static_assertions v0.3.3
[INFO] [stderr]   Downloaded amethyst_utils v0.8.0
[INFO] [stderr]   Downloaded alga_derive v0.9.1
[INFO] [stderr]   Downloaded ahash v0.2.13
[INFO] [stderr]   Downloaded specs-hierarchy v0.5.1
[INFO] [stderr]   Downloaded amethyst_error v0.3.0
[INFO] [stderr]   Downloaded core-text v13.3.0
[INFO] [stderr]   Downloaded objekt v0.1.2
[INFO] [stderr]   Downloaded wavefront_obj v6.0.0
[INFO] [stderr]   Downloaded colorful v0.2.1
[INFO] [stderr]   Downloaded wasm-bindgen-macro-support v0.2.48
[INFO] [stderr]   Downloaded lexical-core v0.4.3
[INFO] [stderr]   Downloaded amethyst_core v0.8.0
[INFO] [stderr]   Downloaded ghost v0.1.0
[INFO] [stderr]   Downloaded wayland-client v0.21.13
[INFO] [stderr]   Downloaded glsl-layout v0.3.0
[INFO] [stderr]   Downloaded rendy-texture v0.3.0
[INFO] [stderr]   Downloaded wasm-bindgen-macro v0.2.48
[INFO] [stderr]   Downloaded thread_profiler v0.3.0
[INFO] [stderr]   Downloaded backtrace v0.3.34
[INFO] [stderr]   Downloaded rendy-chain v0.3.1
[INFO] [stderr]   Downloaded rendy-shader v0.3.0
[INFO] [stderr]   Downloaded laminar v0.2.3
[INFO] [stderr]   Downloaded quickcheck v0.8.5
[INFO] [stderr]   Downloaded gif v0.10.2
[INFO] [stderr]   Downloaded unic-langid-macros v0.3.0
[INFO] [stderr]   Downloaded unic-langid-impl v0.4.0
[INFO] [stderr]   Downloaded amethyst_input v0.9.0
[INFO] [stderr]   Downloaded amethyst_ui v0.8.0
[INFO] [stderr]   Downloaded amethyst v0.13.0
[INFO] [stderr]   Downloaded inventory-impl v0.1.3
[INFO] [stderr]   Downloaded inventory v0.1.3
[INFO] [stderr]   Downloaded proc_macro_roids v0.4.0
[INFO] [stderr]   Downloaded rodio v0.9.0
[INFO] [stderr]   Downloaded rendy-memory v0.3.0
[INFO] [stderr]   Downloaded rendy-util v0.3.1
[INFO] [stderr]   Downloaded rustc_version_runtime v0.1.5
[INFO] [stderr]   Downloaded vergen v3.0.4
[INFO] [stderr]   Downloaded lock_api v0.2.0
[INFO] [stderr]   Downloaded parking_lot v0.8.0
[INFO] [stderr]   Downloaded wayland-commons v0.21.13
[INFO] [stderr]   Downloaded slice-deque v0.2.4
[INFO] [stderr]   Downloaded rendy-command v0.3.0
[INFO] [stderr]   Downloaded rendy-wsi v0.3.0
[INFO] [stderr]   Downloaded rusttype v0.7.7
[INFO] [stderr]   Downloaded minimp3-sys v0.3.1
[INFO] [stderr]   Downloaded js-sys v0.3.25
[INFO] [stderr]   Downloaded wasm-bindgen v0.2.48
[INFO] [stderr]   Downloaded const-random-macro v0.1.6
[INFO] running `Command { std: "docker" "create" "-v" "/var/lib/crater-agent-workspace/builds/worker-6-tc1/target:/opt/rustwide/target:rw,Z" "-v" "/var/lib/crater-agent-workspace/builds/worker-6-tc1/source:/opt/rustwide/workdir:ro,Z" "-v" "/var/lib/crater-agent-workspace/cargo-home:/opt/rustwide/cargo-home:ro,Z" "-v" "/var/lib/crater-agent-workspace/rustup-home:/opt/rustwide/rustup-home:ro,Z" "-e" "SOURCE_DIR=/opt/rustwide/workdir" "-e" "CARGO_TARGET_DIR=/opt/rustwide/target" "-e" "CARGO_HOME=/opt/rustwide/cargo-home" "-e" "RUSTUP_HOME=/opt/rustwide/rustup-home" "-w" "/opt/rustwide/workdir" "-m" "1610612736" "--user" "0:0" "--network" "none" "ghcr.io/rust-lang/crates-build-env/linux@sha256:19e73879b68f455e41552ea35293514db52ea292d993f571636dbffedb77a1ee" "/opt/rustwide/cargo-home/bin/cargo" "+9610dfe5a9a731ced1ea4923ecbd0c57fe367898" "metadata" "--no-deps" "--format-version=1", kill_on_drop: false }`
[INFO] [stdout] 124f8681fd858110c140f9d866fe9f21f8652258f6492a0bec75d2aa0f38e41a
[INFO] running `Command { std: "docker" "start" "-a" "124f8681fd858110c140f9d866fe9f21f8652258f6492a0bec75d2aa0f38e41a", kill_on_drop: false }`
[INFO] running `Command { std: "docker" "inspect" "124f8681fd858110c140f9d866fe9f21f8652258f6492a0bec75d2aa0f38e41a", kill_on_drop: false }`
[INFO] running `Command { std: "docker" "rm" "-f" "124f8681fd858110c140f9d866fe9f21f8652258f6492a0bec75d2aa0f38e41a", kill_on_drop: false }`
[INFO] [stdout] 124f8681fd858110c140f9d866fe9f21f8652258f6492a0bec75d2aa0f38e41a
[INFO] running `Command { std: "docker" "create" "-v" "/var/lib/crater-agent-workspace/builds/worker-6-tc1/target:/opt/rustwide/target:rw,Z" "-v" "/var/lib/crater-agent-workspace/builds/worker-6-tc1/source:/opt/rustwide/workdir:ro,Z" "-v" "/var/lib/crater-agent-workspace/cargo-home:/opt/rustwide/cargo-home:ro,Z" "-v" "/var/lib/crater-agent-workspace/rustup-home:/opt/rustwide/rustup-home:ro,Z" "-e" "SOURCE_DIR=/opt/rustwide/workdir" "-e" "CARGO_TARGET_DIR=/opt/rustwide/target" "-e" "CARGO_INCREMENTAL=0" "-e" "RUST_BACKTRACE=full" "-e" "RUSTFLAGS=--cap-lints=forbid" "-e" "RUSTDOCFLAGS=--cap-lints=forbid" "-e" "CARGO_HOME=/opt/rustwide/cargo-home" "-e" "RUSTUP_HOME=/opt/rustwide/rustup-home" "-w" "/opt/rustwide/workdir" "-m" "1610612736" "--user" "0:0" "--network" "none" "ghcr.io/rust-lang/crates-build-env/linux@sha256:19e73879b68f455e41552ea35293514db52ea292d993f571636dbffedb77a1ee" "/opt/rustwide/cargo-home/bin/cargo" "+9610dfe5a9a731ced1ea4923ecbd0c57fe367898" "check" "--frozen" "--all" "--all-targets" "--message-format=json", kill_on_drop: false }`
[INFO] [stdout] 0ff57c938941eed763cdd32f887bf6d9c7b319ad1563a0ca4a5293efdd54d9ca
[INFO] running `Command { std: "docker" "start" "-a" "0ff57c938941eed763cdd32f887bf6d9c7b319ad1563a0ca4a5293efdd54d9ca", kill_on_drop: false }`
[INFO] [stderr]    Compiling libc v0.2.60
[INFO] [stderr]    Compiling syn v0.15.42
[INFO] [stderr]    Compiling autocfg v0.1.5
[INFO] [stderr]    Compiling serde v1.0.98
[INFO] [stderr]    Compiling cc v1.0.38
[INFO] [stderr]     Checking lazy_static v1.3.0
[INFO] [stderr]    Compiling log v0.4.8
[INFO] [stderr]    Compiling arrayvec v0.4.11
[INFO] [stderr]     Checking rand_core v0.4.0
[INFO] [stderr]    Compiling pkg-config v0.3.15
[INFO] [stderr]     Checking rustc-demangle v0.1.15
[INFO] [stderr]     Checking either v1.5.2
[INFO] [stderr]    Compiling rayon-core v1.5.0
[INFO] [stderr]    Compiling num-bigint v0.2.2
[INFO] [stderr]    Compiling cfg-if v0.1.9
[INFO] [stderr]    Compiling failure_derive v0.1.5
[INFO] [stderr]     Checking crossbeam-utils v0.6.6
[INFO] [stderr]     Checking void v1.0.2
[INFO] [stderr]    Compiling xml-rs v0.8.0
[INFO] [stderr]     Checking rand_core v0.3.1
[INFO] [stderr]     Checking rand_hc v0.1.0
[INFO] [stderr]     Checking rand_xorshift v0.1.1
[INFO] [stderr]     Checking rand_isaac v0.1.1
[INFO] [stderr]     Checking rand_jitter v0.1.4
[INFO] [stderr]     Checking crossbeam-queue v0.1.2
[INFO] [stderr]    Compiling num-traits v0.2.8
[INFO] [stderr]    Compiling rand_pcg v0.1.2
[INFO] [stderr]    Compiling rand_chacha v0.1.1
[INFO] [stderr]    Compiling rand v0.6.5
[INFO] [stderr]    Compiling num-integer v0.1.41
[INFO] [stderr]    Compiling num-rational v0.2.2
[INFO] [stderr]    Compiling num-iter v0.1.39
[INFO] [stderr]     Checking atom v0.3.5
[INFO] [stderr]    Compiling nix v0.14.1
[INFO] [stderr]     Checking rustc-hash v1.0.1
[INFO] [stderr]     Checking stb_truetype v0.2.6
[INFO] [stderr]     Checking linked-hash-map v0.5.2
[INFO] [stderr]    Compiling num-derive v0.2.5
[INFO] [stderr]     Checking crossbeam-epoch v0.7.2
[INFO] [stderr]     Checking same-file v1.0.5
[INFO] [stderr]    Compiling gcc v0.3.55
[INFO] [stderr]     Checking adler32 v1.0.3
[INFO] [stderr]    Compiling parking_lot_core v0.5.0
[INFO] [stderr]    Compiling wayland-scanner v0.21.13
[INFO] [stderr]    Compiling parking_lot_core v0.3.1
[INFO] [stderr]     Checking downcast-rs v1.0.4
[INFO] [stderr]     Checking walkdir v2.2.9
[INFO] [stderr]    Compiling ryu v1.0.0
[INFO] [stderr]     Checking lzw v0.10.0
[INFO] [stderr]     Checking inflate v0.4.5
[INFO] [stderr]     Checking num_cpus v1.10.1
[INFO] [stderr]     Checking rand_os v0.1.3
[INFO] [stderr]     Checking crossbeam-deque v0.6.3
[INFO] [stderr]     Checking crossbeam-deque v0.7.1
[INFO] [stderr]     Checking rand v0.5.6
[INFO] [stderr]    Compiling getrandom v0.1.7
[INFO] [stderr]     Checking deflate v0.7.20
[INFO] [stderr]    Compiling backtrace-sys v0.1.31
[INFO] [stderr]    Compiling libloading v0.5.2
[INFO] [stderr]    Compiling x11-dl v2.18.3
[INFO] [stderr]     Checking rayon v1.1.0
[INFO] [stderr]     Checking fxhash v0.2.1
[INFO] [stderr]    Compiling parking_lot v0.8.0
[INFO] [stderr]     Checking approx v0.3.2
[INFO] [stderr]     Checking ordered-float v1.0.2
[INFO] [stderr]     Checking line_drawing v0.7.0
[INFO] [stderr]    Compiling objc_exception v0.1.1
[INFO] [stderr]    Compiling ppv-lite86 v0.2.5
[INFO] [stderr]     Checking color_quant v1.0.1
[INFO] [stderr]     Checking dlib v0.4.1
[INFO] [stderr]    Compiling core-foundation-sys v0.6.2
[INFO] [stderr]     Checking rusttype v0.7.7
[INFO] [stderr]     Checking xdg v2.2.0
[INFO] [stderr]     Checking wayland-sys v0.21.13
[INFO] [stderr]     Checking gif v0.10.2
[INFO] [stderr] The following warnings were emitted during compilation:
[INFO] [stderr] 
[INFO] [stderr] warning: cc: fatal error: cannot execute 'cc1obj': execvp: No such file or directory
[INFO] [stderr] warning: compilation terminated.
[INFO] [stderr] 
[INFO] [stderr] error: failed to run custom build command for `objc_exception v0.1.1`
[INFO] [stderr] note: To improve backtraces for build dependencies, set the CARGO_PROFILE_DEV_BUILD_OVERRIDE_DEBUG=true environment variable to enable debug information generation.
[INFO] [stderr] 
[INFO] [stderr] Caused by:
[INFO] [stderr]   process didn't exit successfully: `/opt/rustwide/target/debug/build/objc_exception-e66e478542add7ab/build-script-build` (exit status: 101)
[INFO] [stderr]   --- stdout
[INFO] [stderr]   TARGET = Some("x86_64-unknown-linux-gnu")
[INFO] [stderr]   OPT_LEVEL = Some("0")
[INFO] [stderr]   TARGET = Some("x86_64-unknown-linux-gnu")
[INFO] [stderr]   HOST = Some("x86_64-unknown-linux-gnu")
[INFO] [stderr]   TARGET = Some("x86_64-unknown-linux-gnu")
[INFO] [stderr]   TARGET = Some("x86_64-unknown-linux-gnu")
[INFO] [stderr]   HOST = Some("x86_64-unknown-linux-gnu")
[INFO] [stderr]   CC_x86_64-unknown-linux-gnu = None
[INFO] [stderr]   CC_x86_64_unknown_linux_gnu = None
[INFO] [stderr]   HOST_CC = None
[INFO] [stderr]   CC = None
[INFO] [stderr]   HOST = Some("x86_64-unknown-linux-gnu")
[INFO] [stderr]   TARGET = Some("x86_64-unknown-linux-gnu")
[INFO] [stderr]   HOST = Some("x86_64-unknown-linux-gnu")
[INFO] [stderr]   CFLAGS_x86_64-unknown-linux-gnu = None
[INFO] [stderr]   CFLAGS_x86_64_unknown_linux_gnu = None
[INFO] [stderr]   HOST_CFLAGS = None
[INFO] [stderr]   CFLAGS = None
[INFO] [stderr]   DEBUG = Some("true")
[INFO] [stderr]   running: "cc" "-O0" "-ffunction-sections" "-fdata-sections" "-fPIC" "-g" "-m64" "-Wall" "-Wextra" "-o" "/opt/rustwide/target/debug/build/objc_exception-f075fc68596f3b67/out/extern/exception.o" "-c" "extern/exception.m"
[INFO] [stderr]   cargo:warning=cc: fatal error: cannot execute 'cc1obj': execvp: No such file or directory
[INFO] [stderr]   cargo:warning=compilation terminated.
[INFO] [stderr]   exit status: 1
[INFO] [stderr] 
[INFO] [stderr]   --- stderr
[INFO] [stderr]   thread 'main' panicked at '
[INFO] [stderr] 
[INFO] [stderr]   Internal error occurred: Command "cc" "-O0" "-ffunction-sections" "-fdata-sections" "-fPIC" "-g" "-m64" "-Wall" "-Wextra" "-o" "/opt/rustwide/target/debug/build/objc_exception-f075fc68596f3b67/out/extern/exception.o" "-c" "extern/exception.m" with args "cc" did not execute successfully (status code exit status: 1).
[INFO] [stderr] 
[INFO] [stderr]   ', /opt/rustwide/cargo-home/registry/src/index.crates.io-6f17d22bba15001f/gcc-0.3.55/src/lib.rs:1672:5
[INFO] [stderr]   stack backtrace:
[INFO] [stderr]      0:     0x56035ff7ec31 - std::backtrace_rs::backtrace::libunwind::trace::h036e87df56fc4b9d
[INFO] [stderr]                                  at /rustc/9610dfe5a9a731ced1ea4923ecbd0c57fe367898/library/std/src/../../backtrace/src/backtrace/libunwind.rs:93:5
[INFO] [stderr]      1:     0x56035ff7ec31 - std::backtrace_rs::backtrace::trace_unsynchronized::hd61eb2dbd6ae476a
[INFO] [stderr]                                  at /rustc/9610dfe5a9a731ced1ea4923ecbd0c57fe367898/library/std/src/../../backtrace/src/backtrace/mod.rs:66:5
[INFO] [stderr]      2:     0x56035ff7ec31 - std::sys_common::backtrace::_print_fmt::h00c50d0875db23c9
[INFO] [stderr]                                  at /rustc/9610dfe5a9a731ced1ea4923ecbd0c57fe367898/library/std/src/sys_common/backtrace.rs:65:5
[INFO] [stderr]      3:     0x56035ff7ec31 - <std::sys_common::backtrace::_print::DisplayBacktrace as core::fmt::Display>::fmt::h63195ab2dde77ccc
[INFO] [stderr]                                  at /rustc/9610dfe5a9a731ced1ea4923ecbd0c57fe367898/library/std/src/sys_common/backtrace.rs:44:22
[INFO] [stderr]      4:     0x56035ffa050f - core::fmt::rt::Argument::fmt::h83f4110348c688f4
[INFO] [stderr]                                  at /rustc/9610dfe5a9a731ced1ea4923ecbd0c57fe367898/library/core/src/fmt/rt.rs:138:9
[INFO] [stderr]      5:     0x56035ffa050f - core::fmt::write::h509367dd365f983a
[INFO] [stderr]                                  at /rustc/9610dfe5a9a731ced1ea4923ecbd0c57fe367898/library/core/src/fmt/mod.rs:1094:21
[INFO] [stderr]      6:     0x56035ff7bbc1 - std::io::Write::write_fmt::h8e60bfebdaabfee5
[INFO] [stderr]                                  at /rustc/9610dfe5a9a731ced1ea4923ecbd0c57fe367898/library/std/src/io/mod.rs:1713:15
[INFO] [stderr]      7:     0x56035ff7ea45 - std::sys_common::backtrace::_print::h96e550016098cde6
[INFO] [stderr]                                  at /rustc/9610dfe5a9a731ced1ea4923ecbd0c57fe367898/library/std/src/sys_common/backtrace.rs:47:5
[INFO] [stderr]      8:     0x56035ff7ea45 - std::sys_common::backtrace::print::h7a049611b153a02e
[INFO] [stderr]                                  at /rustc/9610dfe5a9a731ced1ea4923ecbd0c57fe367898/library/std/src/sys_common/backtrace.rs:34:9
[INFO] [stderr]      9:     0x56035ff80117 - std::panicking::default_hook::{{closure}}::h1b023d46676794c4
[INFO] [stderr]     10:     0x56035ff7ff04 - std::panicking::default_hook::hea2961dabcf68e83
[INFO] [stderr]                                  at /rustc/9610dfe5a9a731ced1ea4923ecbd0c57fe367898/library/std/src/panicking.rs:288:9
[INFO] [stderr]     11:     0x56035ff805cc - std::panicking::rust_panic_with_hook::h4285c91a8168b001
[INFO] [stderr]                                  at /rustc/9610dfe5a9a731ced1ea4923ecbd0c57fe367898/library/std/src/panicking.rs:705:13
[INFO] [stderr]     12:     0x56035ff804c7 - std::panicking::begin_panic_handler::{{closure}}::h6ebd0d46f0c6b010
[INFO] [stderr]                                  at /rustc/9610dfe5a9a731ced1ea4923ecbd0c57fe367898/library/std/src/panicking.rs:597:13
[INFO] [stderr]     13:     0x56035ff7f066 - std::sys_common::backtrace::__rust_end_short_backtrace::h92042d128576b63a
[INFO] [stderr]                                  at /rustc/9610dfe5a9a731ced1ea4923ecbd0c57fe367898/library/std/src/sys_common/backtrace.rs:151:18
[INFO] [stderr]     14:     0x56035ff80212 - rust_begin_unwind
[INFO] [stderr]                                  at /rustc/9610dfe5a9a731ced1ea4923ecbd0c57fe367898/library/std/src/panicking.rs:593:5
[INFO] [stderr]     15:     0x56035ff325e3 - core::panicking::panic_fmt::h65404fc8061ee73a
[INFO] [stderr]                                  at /rustc/9610dfe5a9a731ced1ea4923ecbd0c57fe367898/library/core/src/panicking.rs:67:14
[INFO] [stderr]     16:     0x56035ff43621 - gcc::fail::hed7abb60a3157768
[INFO] [stderr]     17:     0x56035ff36ad5 - gcc::Build::compile::h5a7eded24c94cd08
[INFO] [stderr]     18:     0x56035ff33564 - gcc::compile_library::hbceb8e1172d8bb43
[INFO] [stderr]     19:     0x56035ff32f4f - build_script_build::main::hc7f24c4047177bfa
[INFO] [stderr]     20:     0x56035ff32e53 - core::ops::function::FnOnce::call_once::hd8c00c2c3e56fa6e
[INFO] [stderr]     21:     0x56035ff32f26 - std::sys_common::backtrace::__rust_begin_short_backtrace::h157268dc569b319a
[INFO] [stderr]     22:     0x56035ff32ef9 - std::rt::lang_start::{{closure}}::hb8a439c20eac2a5b
[INFO] [stderr]     23:     0x56035ff77d45 - core::ops::function::impls::<impl core::ops::function::FnOnce<A> for &F>::call_once::h49ef85a8a8d45198
[INFO] [stderr]                                  at /rustc/9610dfe5a9a731ced1ea4923ecbd0c57fe367898/library/core/src/ops/function.rs:284:13
[INFO] [stderr]     24:     0x56035ff77d45 - std::panicking::try::do_call::ha1def14af693a135
[INFO] [stderr]                                  at /rustc/9610dfe5a9a731ced1ea4923ecbd0c57fe367898/library/std/src/panicking.rs:500:40
[INFO] [stderr]     25:     0x56035ff77d45 - std::panicking::try::haa3dc2a1139932e2
[INFO] [stderr]                                  at /rustc/9610dfe5a9a731ced1ea4923ecbd0c57fe367898/library/std/src/panicking.rs:464:19
[INFO] [stderr]     26:     0x56035ff77d45 - std::panic::catch_unwind::h9d9cbebaf9f15c67
[INFO] [stderr]                                  at /rustc/9610dfe5a9a731ced1ea4923ecbd0c57fe367898/library/std/src/panic.rs:142:14
[INFO] [stderr]     27:     0x56035ff77d45 - std::rt::lang_start_internal::{{closure}}::hf660a772669a69cc
[INFO] [stderr]                                  at /rustc/9610dfe5a9a731ced1ea4923ecbd0c57fe367898/library/std/src/rt.rs:148:48
[INFO] [stderr]     28:     0x56035ff77d45 - std::panicking::try::do_call::hb1c34715bb9b1c46
[INFO] [stderr]                                  at /rustc/9610dfe5a9a731ced1ea4923ecbd0c57fe367898/library/std/src/panicking.rs:500:40
[INFO] [stderr]     29:     0x56035ff77d45 - std::panicking::try::h499866fd990da8f1
[INFO] [stderr]                                  at /rustc/9610dfe5a9a731ced1ea4923ecbd0c57fe367898/library/std/src/panicking.rs:464:19
[INFO] [stderr]     30:     0x56035ff77d45 - std::panic::catch_unwind::hac1ffec55b72e7bc
[INFO] [stderr]                                  at /rustc/9610dfe5a9a731ced1ea4923ecbd0c57fe367898/library/std/src/panic.rs:142:14
[INFO] [stderr]     31:     0x56035ff77d45 - std::rt::lang_start_internal::h0fecf91cd579e7b6
[INFO] [stderr]                                  at /rustc/9610dfe5a9a731ced1ea4923ecbd0c57fe367898/library/std/src/rt.rs:148:20
[INFO] [stderr]     32:     0x56035ff32ed7 - std::rt::lang_start::h9994ca7d9b1c78fd
[INFO] [stderr]     33:     0x56035ff32f75 - main
[INFO] [stderr]     34:     0x7fd549428d90 - <unknown>
[INFO] [stderr]     35:     0x7fd549428e40 - __libc_start_main
[INFO] [stderr]     36:     0x56035ff32d75 - _start
[INFO] [stderr]     37:                0x0 - <unknown>
[INFO] [stderr] warning: build failed, waiting for other jobs to finish...
[INFO] running `Command { std: "docker" "inspect" "0ff57c938941eed763cdd32f887bf6d9c7b319ad1563a0ca4a5293efdd54d9ca", kill_on_drop: false }`
[INFO] running `Command { std: "docker" "rm" "-f" "0ff57c938941eed763cdd32f887bf6d9c7b319ad1563a0ca4a5293efdd54d9ca", kill_on_drop: false }`
[INFO] [stdout] 0ff57c938941eed763cdd32f887bf6d9c7b319ad1563a0ca4a5293efdd54d9ca
